{"id":6664,"date":"2023-02-15T15:12:54","date_gmt":"2023-02-15T14:12:54","guid":{"rendered":"https:\/\/maccaferri-stage.softecspa.it\/latam\/?page_id=6664"},"modified":"2023-08-04T17:29:07","modified_gmt":"2023-08-04T15:29:07","slug":"soluciones-gsy-gt","status":"publish","type":"page","link":"https:\/\/maccaferri-stage.softecspa.it\/latam\/soluciones-gsy-gt\/","title":{"rendered":"SOLUCIONES GSY &#8211; GT"},"content":{"rendered":"<div class=\"wp-block-mac-h1-title-hero-block container-fluid block-txt-container\" style=\"background:linear-gradient(180deg,rgb(1,94,111) 0%,rgb(0,72,87) 100%)\"><div class=\"row\"><div class=\"col\"><div class=\"gts__picture\"><img decoding=\"async\" src=\"https:\/\/maccaferri-stage.softecspa.it\/latam\/wp-content\/uploads\/2022\/12\/Biaxial-Geogrids_2.jpg\" style=\"display:none\"\/><div class=\"gts__picture__image\" style=\"background-image:url(https:\/\/maccaferri-stage.softecspa.it\/latam\/wp-content\/uploads\/2022\/12\/Biaxial-Geogrids_2.jpg)\"><\/div><\/div><div class=\"container box-container\"><div class=\"row\"><div class=\"col title-box-txt\"><h1 class=\"wp-block-mac-h1-title-hero-block\" style=\"color:#ffffff;text-align:none\">SOLUCIONES EN GEOSINT\u00c9TICOS<\/h1><\/div><\/div><\/div><\/div><\/div><\/div><div class=\"wp-block-mac-container-block box-container\"><div class=\"wp-block-columns is-layout-flex wp-container-core-columns-is-layout-9d6595d7 wp-block-columns-is-layout-flex\"><div class=\"wp-block-column is-layout-flow wp-block-column-is-layout-flow\"><\/div><\/div><\/div><div class=\"wp-block-mac-container-block box-container\"><div class=\"wp-block-columns is-layout-flex wp-container-core-columns-is-layout-9d6595d7 wp-block-columns-is-layout-flex\"><div class=\"wp-block-column is-layout-flow wp-block-column-is-layout-flow\"><div class=\"container content-paragraph box-container\"><div class=\"row\"><div class=\"col-12 col-lg-12 col-xl-12 col-xxl-12\"><h6>Con una trayectoria s\u00f3lida, en Maccaferri de Guatemala, ofrecemos un servicio profesional y de alta calidad, adaptado a cada proyecto con soluciones sostenibles en la aplicaci\u00f3n de geosint\u00e9ticos.<\/h6><div class=\"content-txt\"><p><span class=\"TextRun SCXW122908093 BCX0\" lang=\"ES-PE\" xml:lang=\"ES-PE\" data-contrast=\"none\"><span class=\"NormalTextRun SCXW122908093 BCX0\" data-ccp-parastyle=\"heading 4\">Permanecemos a <\/span><span class=\"NormalTextRun SCXW122908093 BCX0\" data-ccp-parastyle=\"heading 4\">la<\/span> <span class=\"NormalTextRun SpellingErrorV2Themed SCXW122908093 BCX0\" data-ccp-parastyle=\"heading 4\">vanguardia<\/span><span class=\"NormalTextRun SCXW122908093 BCX0\" data-ccp-parastyle=\"heading 4\"> de <\/span><span class=\"NormalTextRun SpellingErrorV2Themed SCXW122908093 BCX0\" data-ccp-parastyle=\"heading 4\">las<\/span><span class=\"NormalTextRun SCXW122908093 BCX0\" data-ccp-parastyle=\"heading 4\"> \u00faltimas <\/span><span class=\"NormalTextRun SpellingErrorV2Themed SCXW122908093 BCX0\" data-ccp-parastyle=\"heading 4\">tecnolog\u00edas<\/span><span class=\"NormalTextRun SCXW122908093 BCX0\" data-ccp-parastyle=\"heading 4\"> y <\/span><span class=\"NormalTextRun SpellingErrorV2Themed SCXW122908093 BCX0\" data-ccp-parastyle=\"heading 4\">materiales<\/span><span class=\"NormalTextRun SCXW122908093 BCX0\" data-ccp-parastyle=\"heading 4\"> certificados, proporcionando eficientes soluciones para diversas <\/span><span class=\"NormalTextRun SpellingErrorV2Themed SCXW122908093 BCX0\" data-ccp-parastyle=\"heading 4\">aplicaciones<\/span> <span class=\"NormalTextRun SpellingErrorV2Themed SCXW122908093 BCX0\" data-ccp-parastyle=\"heading 4\">con<\/span><span class=\"NormalTextRun SCXW122908093 BCX0\" data-ccp-parastyle=\"heading 4\"> este tipo de soluciones.\u00a0<\/span><\/span><span class=\"EOP SCXW122908093 BCX0\" data-ccp-props=\"{&quot;134233117&quot;:true,&quot;134233118&quot;:true,&quot;201341983&quot;:0,&quot;335551550&quot;:6,&quot;335551620&quot;:6,&quot;335559740&quot;:240}\">\u00a0<\/span><\/p>\n<\/div><\/div><\/div><\/div><\/div><\/div><\/div><div class=\"wp-block-mac-container-block box-container\"><div class=\"wp-block-columns is-layout-flex wp-container-core-columns-is-layout-9d6595d7 wp-block-columns-is-layout-flex\"><div class=\"wp-block-column is-layout-flow wp-block-column-is-layout-flow\"><div class=\"wp-block-mac-h4-title-block block-txt-container box-container\"><div class=\"row\"><div class=\"col title-box-txt\"><h5 style=\"color:#212429;text-align:center\">Conozca nuestra gama de productos geosint\u00e9ticos<\/h5><br><\/div><\/div><\/div><\/div><\/div><\/div><div class=\"wp-block-mac-container-block box-container\"><div class=\"wp-block-columns is-layout-flex wp-container-core-columns-is-layout-9d6595d7 wp-block-columns-is-layout-flex\"><div class=\"wp-block-column is-layout-flow wp-block-column-is-layout-flow\"><\/div><\/div><\/div><div class=\"wp-block-mac-container-block box-container\"><div class=\"wp-block-columns is-layout-flex wp-container-core-columns-is-layout-9d6595d7 wp-block-columns-is-layout-flex\"><div class=\"wp-block-column is-layout-flow wp-block-column-is-layout-flow\"><figure class=\"wp-block-image size-full\"><a href=\"https:\/\/maccaferri-stage.softecspa.it\/latam\/productos\/geomallas-biaxiales\/\"><img decoding=\"async\" src=\"https:\/\/maccaferri-stage.softecspa.it\/latam\/wp-content\/uploads\/2023\/07\/MicrosoftTeams-image-14.jpg\" alt=\"\" class=\"wp-image-52116\"\/><\/a><figcaption>Geomallas para refuerzo de suelo<\/figcaption><\/figure><\/div>\n\n<div class=\"wp-block-column is-layout-flow wp-block-column-is-layout-flow\"><figure class=\"wp-block-image size-full\"><a href=\"https:\/\/maccaferri-stage.softecspa.it\/latam\/productos\/geotextil-no-tejido\/\"><img decoding=\"async\" src=\"https:\/\/maccaferri-stage.softecspa.it\/latam\/wp-content\/uploads\/2023\/07\/MicrosoftTeams-image-25.jpg\" alt=\"\" class=\"wp-image-52132\"\/><\/a><figcaption>Geotextiles no tejidos<\/figcaption><\/figure><\/div>\n\n<div class=\"wp-block-column is-layout-flow wp-block-column-is-layout-flow\"><figure class=\"wp-block-image size-full\"><a href=\"https:\/\/maccaferri-stage.softecspa.it\/latam\/productos\/geotextiles-tejidos-pp-pe\/\"><img decoding=\"async\" src=\"https:\/\/maccaferri-stage.softecspa.it\/latam\/wp-content\/uploads\/2023\/08\/MicrosoftTeams-image-26.jpg\" alt=\"\" class=\"wp-image-52156\"\/><\/a><figcaption>Geotextiles tejidos<\/figcaption><\/figure><\/div>\n\n<div class=\"wp-block-column is-layout-flow wp-block-column-is-layout-flow\"><figure class=\"wp-block-image size-full\"><a href=\"https:\/\/maccaferri-stage.softecspa.it\/latam\/productos\/compuestos-de-drenaje\/\"><img decoding=\"async\" src=\"https:\/\/maccaferri-stage.softecspa.it\/latam\/wp-content\/uploads\/2023\/07\/MicrosoftTeams-image-18.jpg\" alt=\"\" class=\"wp-image-52122\"\/><\/a><figcaption>Geocompuestos para drenaje<\/figcaption><\/figure><\/div>\n\n<div class=\"wp-block-column is-layout-flow wp-block-column-is-layout-flow\"><figure class=\"wp-block-image size-full\"><a href=\"https:\/\/maccaferri-stage.softecspa.it\/latam\/productos\/geomallas-monoaxiales\/\"><img decoding=\"async\" src=\"https:\/\/maccaferri-stage.softecspa.it\/latam\/wp-content\/uploads\/2023\/07\/MicrosoftTeams-image-13-1.jpg\" alt=\"\" class=\"wp-image-52128\"\/><\/a><figcaption>Geomallas para pavimentaci\u00f3n<\/figcaption><\/figure><\/div><\/div><\/div><div class=\"wp-block-mac-container-block box-container\"><div class=\"wp-block-columns is-layout-flex wp-container-core-columns-is-layout-9d6595d7 wp-block-columns-is-layout-flex\"><div class=\"wp-block-column is-layout-flow wp-block-column-is-layout-flow\"><div class=\"wp-block-mac-container-block box-container\"><div class=\"wp-block-columns is-layout-flex wp-container-core-columns-is-layout-9d6595d7 wp-block-columns-is-layout-flex\"><div class=\"wp-block-column is-layout-flow wp-block-column-is-layout-flow\"><div class=\"wp-block-mac-h4-title-block block-txt-container box-container\"><div class=\"row\"><div class=\"col title-box-txt\"><h5 style=\"color:#212429;text-align:center\">Asista nuestra Reocomendaci\u00f3n T\u00e9cnica de Gesosint\u00e9ticos<\/h5><br><\/div><\/div><\/div><\/div><\/div><\/div><\/div><\/div><\/div><div class=\"wp-block-mac-container-block box-container\"><div class=\"wp-block-columns is-layout-flex wp-container-core-columns-is-layout-9d6595d7 wp-block-columns-is-layout-flex\"><div class=\"wp-block-column is-layout-flow wp-block-column-is-layout-flow\"><div class=\"wp-block-mac-banner-title-cta  box-container block-cta\" style=\"background:#015E6F\"><div class=\"container box-container\"><div class=\"row\"><div class=\"col-2 col-sm-2 col-md-2 col-lg-2 col-xl-2 col-xxl-2\"><div class=\"box-image\"><img decoding=\"async\" class=\"image\" src=\"https:\/\/maccaferri-stage.softecspa.it\/latam\/wp-content\/uploads\/2022\/10\/img-banner-software.png\" alt=\"Image\"\/><\/div><\/div><div class=\"col-7 col-sm-7 col-md-7 col-lg-7 col-xl-7 col-xxl-7\"><div class=\"banner-box-txt\" style=\"text-align:default\"><h4 class=\"title\">Video | Recomendaci\u00f3n T\u00e9cnica MacGrid\u00ae AR<\/h4><\/div><\/div><div class=\"col-3 col-sm-3 col-md-3 col-lg-3 col-xl-3 col-xxl-3\"><div class=\"button-box-txt\"><a href=\"https:\/\/maccaferri-stage.softecspa.it\/latam\/recomendacion-tecnica-macgrid\/\" target=\"_blank\" class=\"buttonurl\" rel=\"noopener\"><span class=\"buttontext\">Asista<\/span><\/a><\/div><\/div><\/div><\/div><\/div><\/div><\/div><\/div><div class=\"wp-block-mac-container-block box-container\"><div class=\"wp-block-columns is-layout-flex wp-container-core-columns-is-layout-9d6595d7 wp-block-columns-is-layout-flex\"><div class=\"wp-block-column is-layout-flow wp-block-column-is-layout-flow\"><div class=\"wp-block-mac-container-block box-container\"><div class=\"wp-block-columns is-layout-flex wp-container-core-columns-is-layout-9d6595d7 wp-block-columns-is-layout-flex\"><div class=\"wp-block-column is-layout-flow wp-block-column-is-layout-flow\"><div class=\"wp-block-mac-h4-title-block block-txt-container box-container\"><div class=\"row\"><div class=\"col title-box-txt\"><h5 style=\"color:#212429;text-align:center\">Cont\u00e1ctenos para obtener su soluci\u00f3n personalizada<\/h5><br><\/div><\/div><\/div><\/div><\/div><\/div><\/div><\/div><\/div><div class=\"wp-block-mac-container-block box-container\"><div class=\"wp-block-columns is-layout-flex wp-container-core-columns-is-layout-9d6595d7 wp-block-columns-is-layout-flex\"><div class=\"wp-block-column is-layout-flow wp-block-column-is-layout-flow\"><div class=\"container content-paragraph box-container\"><div class=\"row\"><div class=\"col-12 col-lg-12 col-xl-12 col-xxl-12\"><h6>Rellene el formulario para solicitar su Presupuesto \/ Asistencia t\u00e9cnica<\/h6><div class=\"content-txt\"><p><iframe style=\"border: 0;\" src=\"https:\/\/www2.maccaferri.com\/l\/965143\/2023-02-13\/5q2lqv\" width=\"100%\" height=\"500\" frameborder=\"0\"><\/iframe><\/p>\n<\/div><\/div><\/div><\/div><\/div>\n\n<div class=\"wp-block-column is-layout-flow wp-block-column-is-layout-flow\"><div class=\"container content-paragraph box-container\"><div class=\"row\"><div class=\"col-12 col-lg-12 col-xl-12 col-xxl-12\"><h6>Cont\u00e1ctenos<\/h6><\/div><\/div><\/div>\n\n<div class=\"wp-block-buttons is-content-justification-center is-layout-flex wp-container-core-buttons-is-layout-16018d1d wp-block-buttons-is-layout-flex\"><div class=\"wp-block-button\"><a class=\"wp-block-button__link has-luminous-vivid-orange-background-color has-background\" href=\"https:\/\/wa.me\/50235728601\"><img decoding=\"async\" class=\"wp-image-6568\" style=\"width: 20px\" src=\"https:\/\/maccaferri-stage.softecspa.it\/latam\/wp-content\/uploads\/2023\/02\/whatsapp-logo-1-1-1019x1024-1.png\" alt=\"\"> WHATSAPP: <strong>+502 3572 8601<\/strong><\/a><\/div><\/div>\n\n<div class=\"wp-block-buttons is-content-justification-center is-layout-flex wp-container-core-buttons-is-layout-16018d1d wp-block-buttons-is-layout-flex\"><div class=\"wp-block-button\"><a class=\"wp-block-button__link\" href=\"tel:50222083535\">TelefonO: <strong>+&nbsp;502 2208 3535<\/strong><\/a><\/div><\/div>\n\n<div class=\"wp-block-buttons is-content-justification-center is-layout-flex wp-container-core-buttons-is-layout-16018d1d wp-block-buttons-is-layout-flex\"><div class=\"wp-block-button\"><a class=\"wp-block-button__link\" href=\"mailto:info.gt@maccaferri.com\">CORREO: <strong>info.gt@MACCAFERRI.COM<\/strong><\/a><\/div><\/div><\/div><\/div><\/div><div class=\"wp-block-mac-container-block box-container\"><div class=\"wp-block-columns is-layout-flex wp-container-core-columns-is-layout-9d6595d7 wp-block-columns-is-layout-flex\"><div class=\"wp-block-column is-layout-flow wp-block-column-is-layout-flow\"><div class=\"wp-block-mac-container-block box-container\"><div class=\"wp-block-columns is-layout-flex wp-container-core-columns-is-layout-9d6595d7 wp-block-columns-is-layout-flex\"><div class=\"wp-block-column is-layout-flow wp-block-column-is-layout-flow\"><div class=\"wp-block-mac-h4-title-block block-txt-container box-container\"><div class=\"row\"><div class=\"col title-box-txt\"><h5 style=\"color:#212429;text-align:center\">Encuentre nuestra unidad m\u00e1s cercana<\/h5><br><\/div><\/div><\/div>\n\n<div class=\"container content-paragraph box-container\"><div class=\"row\"><div class=\"col-12 col-lg-12 col-xl-12 col-xxl-12\"><div class=\"content-txt\"><p><iframe style=\"border: 0;\" src=\"https:\/\/www.google.com\/maps\/embed?pb=!1m18!1m12!1m3!1d3860.347557906965!2d-90.60160872584967!3d14.636201776205986!2m3!1f0!2f0!3f0!3m2!1i1024!2i768!4f13.1!3m3!1m2!1s0x85899f9215b7f8f5%3A0xb8f1fc03abeb8800!2sMaccaferri%20de%20Guatemala%20S.A.!5e0!3m2!1spt-BR!2sbr!4v1689764856314!5m2!1spt-BR!2sbr\" width=\"600\" height=\"450\" allowfullscreen=\"allowfullscreen\"><\/iframe><\/p>\n<\/div><\/div><\/div><\/div><\/div><\/div><\/div><\/div><\/div><\/div>","protected":false},"excerpt":{"rendered":"","protected":false},"author":20,"featured_media":0,"parent":0,"menu_order":0,"comment_status":"closed","ping_status":"closed","template":"","meta":{"_acf_changed":false,"_joinchat":[],"footnotes":""},"class_list":["post-6664","page","type-page","status-publish","hentry"],"acf":{"uuid_products":"","product-documents":""},"yoast_head":"<!-- This site is optimized with the Yoast SEO Premium plugin v27.0 (Yoast SEO v27.0) - https:\/\/yoast.com\/product\/yoast-seo-premium-wordpress\/ -->\n<title>SOLUCIONES GSY - GT - Maccaferri Latam<\/title>\n<meta name=\"robots\" content=\"index, follow, max-snippet:-1, max-image-preview:large, max-video-preview:-1\" \/>\n<link rel=\"canonical\" href=\"https:\/\/maccaferri-stage.softecspa.it\/latam\/soluciones-gsy-gt\/\" \/>\n<meta property=\"og:locale\" content=\"es_ES\" \/>\n<meta property=\"og:type\" content=\"article\" \/>\n<meta property=\"og:title\" content=\"SOLUCIONES GSY - GT - Maccaferri Latam\" \/>\n<meta property=\"og:url\" content=\"https:\/\/maccaferri-stage.softecspa.it\/latam\/soluciones-gsy-gt\/\" \/>\n<meta property=\"og:site_name\" content=\"Maccaferri Latam\" \/>\n<meta property=\"article:modified_time\" content=\"2023-08-04T15:29:07+00:00\" \/>\n<meta property=\"og:image\" content=\"https:\/\/maccaferri-stage.softecspa.it\/latam\/wp-content\/uploads\/2022\/12\/Biaxial-Geogrids_2.jpg\" \/>\n<meta name=\"twitter:card\" content=\"summary_large_image\" \/>\n<meta name=\"twitter:label1\" content=\"Est. reading time\" \/>\n\t<meta name=\"twitter:data1\" content=\"2 minutes\" \/>\n<script type=\"application\/ld+json\" class=\"yoast-schema-graph\">{\"@context\":\"https:\/\/schema.org\",\"@graph\":[{\"@type\":\"WebPage\",\"@id\":\"https:\/\/maccaferri-stage.softecspa.it\/latam\/soluciones-gsy-gt\/\",\"url\":\"https:\/\/maccaferri-stage.softecspa.it\/latam\/soluciones-gsy-gt\/\",\"name\":\"SOLUCIONES GSY - GT - Maccaferri Latam\",\"isPartOf\":{\"@id\":\"https:\/\/maccaferri-stage.softecspa.it\/latam\/#website\"},\"primaryImageOfPage\":{\"@id\":\"https:\/\/maccaferri-stage.softecspa.it\/latam\/soluciones-gsy-gt\/#primaryimage\"},\"image\":{\"@id\":\"https:\/\/maccaferri-stage.softecspa.it\/latam\/soluciones-gsy-gt\/#primaryimage\"},\"thumbnailUrl\":\"https:\/\/maccaferri-stage.softecspa.it\/latam\/wp-content\/uploads\/2022\/12\/Biaxial-Geogrids_2.jpg\",\"datePublished\":\"2023-02-15T14:12:54+00:00\",\"dateModified\":\"2023-08-04T15:29:07+00:00\",\"inLanguage\":\"es-ES\",\"potentialAction\":[{\"@type\":\"ReadAction\",\"target\":[\"https:\/\/maccaferri-stage.softecspa.it\/latam\/soluciones-gsy-gt\/\"]}]},{\"@type\":\"ImageObject\",\"inLanguage\":\"es-ES\",\"@id\":\"https:\/\/maccaferri-stage.softecspa.it\/latam\/soluciones-gsy-gt\/#primaryimage\",\"url\":\"\",\"contentUrl\":\"\"},{\"@type\":\"WebSite\",\"@id\":\"https:\/\/maccaferri-stage.softecspa.it\/latam\/#website\",\"url\":\"https:\/\/maccaferri-stage.softecspa.it\/latam\/\",\"name\":\"Maccaferri Latam\",\"description\":\"\",\"publisher\":{\"@id\":\"https:\/\/maccaferri-stage.softecspa.it\/latam\/#organization\"},\"potentialAction\":[{\"@type\":\"SearchAction\",\"target\":{\"@type\":\"EntryPoint\",\"urlTemplate\":\"https:\/\/maccaferri-stage.softecspa.it\/latam\/?s={search_term_string}\"},\"query-input\":{\"@type\":\"PropertyValueSpecification\",\"valueRequired\":true,\"valueName\":\"search_term_string\"}}],\"inLanguage\":\"es-ES\"},{\"@type\":\"Organization\",\"@id\":\"https:\/\/maccaferri-stage.softecspa.it\/latam\/#organization\",\"name\":\"Maccaferri Latam\",\"url\":\"https:\/\/maccaferri-stage.softecspa.it\/latam\/\",\"logo\":{\"@type\":\"ImageObject\",\"inLanguage\":\"es-ES\",\"@id\":\"https:\/\/maccaferri-stage.softecspa.it\/latam\/#\/schema\/logo\/image\/\",\"url\":\"\",\"contentUrl\":\"\",\"caption\":\"Maccaferri Latam\"},\"image\":{\"@id\":\"https:\/\/maccaferri-stage.softecspa.it\/latam\/#\/schema\/logo\/image\/\"}}]}<\/script>\n<!-- \/ Yoast SEO Premium plugin. -->","yoast_head_json":{"title":"SOLUCIONES GSY - GT - Maccaferri Latam","robots":{"index":"index","follow":"follow","max-snippet":"max-snippet:-1","max-image-preview":"max-image-preview:large","max-video-preview":"max-video-preview:-1"},"canonical":"https:\/\/maccaferri-stage.softecspa.it\/latam\/soluciones-gsy-gt\/","og_locale":"es_ES","og_type":"article","og_title":"SOLUCIONES GSY - GT - Maccaferri Latam","og_url":"https:\/\/maccaferri-stage.softecspa.it\/latam\/soluciones-gsy-gt\/","og_site_name":"Maccaferri Latam","article_modified_time":"2023-08-04T15:29:07+00:00","og_image":[{"url":"https:\/\/maccaferri-stage.softecspa.it\/latam\/wp-content\/uploads\/2022\/12\/Biaxial-Geogrids_2.jpg","type":"","width":"","height":""}],"twitter_card":"summary_large_image","twitter_misc":{"Est. reading time":"2 minutes"},"schema":{"@context":"https:\/\/schema.org","@graph":[{"@type":"WebPage","@id":"https:\/\/maccaferri-stage.softecspa.it\/latam\/soluciones-gsy-gt\/","url":"https:\/\/maccaferri-stage.softecspa.it\/latam\/soluciones-gsy-gt\/","name":"SOLUCIONES GSY - GT - Maccaferri Latam","isPartOf":{"@id":"https:\/\/maccaferri-stage.softecspa.it\/latam\/#website"},"primaryImageOfPage":{"@id":"https:\/\/maccaferri-stage.softecspa.it\/latam\/soluciones-gsy-gt\/#primaryimage"},"image":{"@id":"https:\/\/maccaferri-stage.softecspa.it\/latam\/soluciones-gsy-gt\/#primaryimage"},"thumbnailUrl":"https:\/\/maccaferri-stage.softecspa.it\/latam\/wp-content\/uploads\/2022\/12\/Biaxial-Geogrids_2.jpg","datePublished":"2023-02-15T14:12:54+00:00","dateModified":"2023-08-04T15:29:07+00:00","inLanguage":"es-ES","potentialAction":[{"@type":"ReadAction","target":["https:\/\/maccaferri-stage.softecspa.it\/latam\/soluciones-gsy-gt\/"]}]},{"@type":"ImageObject","inLanguage":"es-ES","@id":"https:\/\/maccaferri-stage.softecspa.it\/latam\/soluciones-gsy-gt\/#primaryimage","url":"","contentUrl":""},{"@type":"WebSite","@id":"https:\/\/maccaferri-stage.softecspa.it\/latam\/#website","url":"https:\/\/maccaferri-stage.softecspa.it\/latam\/","name":"Maccaferri Latam","description":"","publisher":{"@id":"https:\/\/maccaferri-stage.softecspa.it\/latam\/#organization"},"potentialAction":[{"@type":"SearchAction","target":{"@type":"EntryPoint","urlTemplate":"https:\/\/maccaferri-stage.softecspa.it\/latam\/?s={search_term_string}"},"query-input":{"@type":"PropertyValueSpecification","valueRequired":true,"valueName":"search_term_string"}}],"inLanguage":"es-ES"},{"@type":"Organization","@id":"https:\/\/maccaferri-stage.softecspa.it\/latam\/#organization","name":"Maccaferri Latam","url":"https:\/\/maccaferri-stage.softecspa.it\/latam\/","logo":{"@type":"ImageObject","inLanguage":"es-ES","@id":"https:\/\/maccaferri-stage.softecspa.it\/latam\/#\/schema\/logo\/image\/","url":"","contentUrl":"","caption":"Maccaferri Latam"},"image":{"@id":"https:\/\/maccaferri-stage.softecspa.it\/latam\/#\/schema\/logo\/image\/"}}]}},"_links":{"self":[{"href":"https:\/\/maccaferri-stage.softecspa.it\/latam\/wp-json\/wp\/v2\/pages\/6664","targetHints":{"allow":["GET"]}}],"collection":[{"href":"https:\/\/maccaferri-stage.softecspa.it\/latam\/wp-json\/wp\/v2\/pages"}],"about":[{"href":"https:\/\/maccaferri-stage.softecspa.it\/latam\/wp-json\/wp\/v2\/types\/page"}],"author":[{"embeddable":true,"href":"https:\/\/maccaferri-stage.softecspa.it\/latam\/wp-json\/wp\/v2\/users\/20"}],"replies":[{"embeddable":true,"href":"https:\/\/maccaferri-stage.softecspa.it\/latam\/wp-json\/wp\/v2\/comments?post=6664"}],"version-history":[{"count":16,"href":"https:\/\/maccaferri-stage.softecspa.it\/latam\/wp-json\/wp\/v2\/pages\/6664\/revisions"}],"predecessor-version":[{"id":52234,"href":"https:\/\/maccaferri-stage.softecspa.it\/latam\/wp-json\/wp\/v2\/pages\/6664\/revisions\/52234"}],"wp:attachment":[{"href":"https:\/\/maccaferri-stage.softecspa.it\/latam\/wp-json\/wp\/v2\/media?parent=6664"}],"curies":[{"name":"wp","href":"https:\/\/api.w.org\/{rel}","templated":true}]}}